{"id":430,"date":"2025-11-14T10:29:48","date_gmt":"2025-11-14T10:29:48","guid":{"rendered":"https:\/\/www.kestavatkeikat.fi\/?page_id=430"},"modified":"2026-01-22T16:21:35","modified_gmt":"2026-01-22T16:21:35","slug":"ajanvaraus","status":"publish","type":"page","link":"https:\/\/www.kestavatkeikat.fi\/?page_id=430","title":{"rendered":"Ajanvaraus"},"content":{"rendered":"\n<p>Ota yhteytt\u00e4 s\u00e4hk\u00f6postitse lauri@kestavatkeikat.fi, niin sovitaan auditointiaika. Auditointi kest\u00e4\u00e4 tunnin ja maksaa 79 \u20ac + alv 25,5 %. Onnistuneen auditoinnin j\u00e4lkeen saat n\u00e4kyvyytt\u00e4 kanavissamme sek\u00e4 oikeuden k\u00e4ytt\u00e4\u00e4 markkinoinnissasi Kest\u00e4v\u00e4t keikat -merkki\u00e4. Siit\u00e4 yleis\u00f6 ja keikan tilaaja tunnistavat artistin, joka on sitoutunut kest\u00e4vyyden edist\u00e4miseen.<\/p>\n\n\n\n<p>Auditointi suoritetaan et\u00e4n\u00e4. Saat linkin videopuheluun erillisess\u00e4 s\u00e4hk\u00f6postissa. Jos haluat varata auditoinnin kasvokkain keikan tai treenien yhteyteen, tarjoa aikaa lauri@kestavatkeikat.fi.<\/p>\n\n\n\n<p><\/p>\n","protected":false},"excerpt":{"rendered":"<p>Ota yhteytt\u00e4 s\u00e4hk\u00f6postitse lauri@kestavatkeikat.fi, niin sovitaan auditointiaika. Auditointi kest\u00e4\u00e4 tunnin ja maksaa 79 \u20ac + alv 25,5 %. Onnistuneen auditoinnin j\u00e4lkeen saat n\u00e4kyvyytt\u00e4 kanavissamme sek\u00e4 oikeuden k\u00e4ytt\u00e4\u00e4 markkinoinnissasi Kest\u00e4v\u00e4t keikat -merkki\u00e4. Siit\u00e4 yleis\u00f6 ja keikan tilaaja tunnistavat artistin, joka on sitoutunut kest\u00e4vyyden edist\u00e4miseen. Auditointi suoritetaan et\u00e4n\u00e4. Saat linkin videopuheluun erillisess\u00e4 [&hellip;]<\/p>\n","protected":false},"author":1,"featured_media":0,"parent":0,"menu_order":0,"comment_status":"closed","ping_status":"closed","template":"","meta":{"_themeisle_gutenberg_block_has_review":false,"footnotes":""},"class_list":["post-430","page","type-page","status-publish","hentry"],"_links":{"self":[{"href":"https:\/\/www.kestavatkeikat.fi\/index.php?rest_route=\/wp\/v2\/pages\/430","targetHints":{"allow":["GET"]}}],"collection":[{"href":"https:\/\/www.kestavatkeikat.fi\/index.php?rest_route=\/wp\/v2\/pages"}],"about":[{"href":"https:\/\/www.kestavatkeikat.fi\/index.php?rest_route=\/wp\/v2\/types\/page"}],"author":[{"embeddable":true,"href":"https:\/\/www.kestavatkeikat.fi\/index.php?rest_route=\/wp\/v2\/users\/1"}],"replies":[{"embeddable":true,"href":"https:\/\/www.kestavatkeikat.fi\/index.php?rest_route=%2Fwp%2Fv2%2Fcomments&post=430"}],"version-history":[{"count":8,"href":"https:\/\/www.kestavatkeikat.fi\/index.php?rest_route=\/wp\/v2\/pages\/430\/revisions"}],"predecessor-version":[{"id":449,"href":"https:\/\/www.kestavatkeikat.fi\/index.php?rest_route=\/wp\/v2\/pages\/430\/revisions\/449"}],"wp:attachment":[{"href":"https:\/\/www.kestavatkeikat.fi\/index.php?rest_route=%2Fwp%2Fv2%2Fmedia&parent=430"}],"curies":[{"name":"wp","href":"https:\/\/api.w.org\/{rel}","templated":true}]}}